ivisor of j and 405?
15
Let q be (40/12)/(-2 + 93/45). Let h(i) = 2*i + 2. Let c be h(4). What is the greatest common factor of q and c?
10
Let d = 1045 - 1033. Calculate the highest common divisor of d and 1884.
12
Suppose 2*w = 7*w - 65. Suppose 10*n = w*n - 57. What is the greatest common factor of 209 and n?
19
Suppose 31*t + 7*t - 10032 = 0. What is the highest common divisor of t and 6?
6
Let b = -9 + 12. Let i(l) = -2*l**2 + 34*l + 24. Let g be i(17). Calculate the greatest common factor of g and b.
3
Let x(z) = 2*z**3 - z**2 - 24*z + 67. Let s be x(7). Calculate the highest common divisor of 8 and s.
8
Let n = -72 + 77. Suppose -n*u = -9*u + 48. What is the highest common divisor of u and 60?
12
Suppose -5*a + 22 = 3*t, 0*t + 5*t = -a. Suppose -3*n + 12 = a*z - z, -55 = -5*n + 5*z. Calculate the greatest common divisor of 56 and n.
8
Suppose 0 = 7*z + z - 304. What is the highest common factor of 171 and z?
19
Suppose g + 4*t = 24, 4*t - 28 = -2*g - 0*t. Let h be 28/(-7)*(-3)/g. Let q(z) = 2*z**2 + z - 2. Let l be q(h). What is the highest common divisor of 95 and l?
19
Let i = 66 - 49. Suppose -i*k + 228 = -11*k. What is the greatest common factor of 76 and k?
38
Suppose -4*l + 20 = 2*p, -l - 2*l = 3*p - 24. Suppose -p*v + 2*v = -108. What is the highest common divisor of v and 297?
27
Suppose -3*u - 2*o = -u - 34, -3*u + 5*o = -43. Let y(m) = 5*m**2 - m. Let s be y(1). Calculate the greatest common factor of s and u.
4
Let k be (9/5)/((-17724)/2220 - -8). What is the highest common divisor of k and 888?
111
Suppose 2*b - 52 = -3*i, -2*i = b - 29 - 4. Suppose -3*v + 214 = 3*r - 4*v, 4*r - 292 = 3*v. Calculate the highest common divisor of i and r.
14
Let h(n) = 3*n**2 - n - 8. Let m be (-5 + 56)*(-2)/(-6). Let t = -13 + m. Let p be h(t). What is the highest common divisor of 9 and p?
9
Let u = 177 + -255. Let t = -68 - u. What is the greatest common factor of t and 50?
10
Let t be (-28 + 22)*34/(-6). Calculate the highest common factor of 34 and t.
34
Let i = 287 + -235. Calculate the greatest common divisor of i and 702.
26
Suppose -13*w = -109 - 73. Calculate the highest common divisor of 112 and w.
14
Suppose s = 967 - 966. What is the greatest common factor of 13 and s?
1
Let h(v) = v**2 - 8*v + 5. Let l be h(8). What is the greatest common divisor of 145 and l?
5
Let l be 220/(-2)*20/50. Let h = 32 + l. Let u be h/6 - (-4 - -1). What is the highest common factor of u and 9?
1
Suppose 4*p - 9*p - 58 = -2*j, 0 = 5*j + 5*p - 180. What is the greatest common factor of j and 16?
2
Suppose 0 = -c - c. Let k be (-1 - c)*0/1. Let j be (4 - k)/(-4) + 85. Calculate the highest common divisor of 12 and j.
12
Suppose 3*r - 9 = -0. Let p = r + 2. What is the highest common factor of 10 and p?
5
Suppose -10 + 0 = -5*c. Let u be 3 - (25 + -2 - 3). Let p = c - u. What is the greatest common divisor of p and 19?
19
Suppose -510 = -18*a + 192. Calculate the highest common factor of 52 and a.
13
Let w be 7/(((-14)/21)/(2/(-3))). Suppose 2*m = w*m - 935. What is the highest common divisor of m and 11?
11
Let z = 0 + -2. Let n be 8/z + 19 - (0 - -1). Calculate the highest common factor of n and 14.
14
Suppose 4*m = 4*z + 696, -4*z = -2*m - 3*z + 349. Let h = -38 - -73. Calculate the greatest common divisor of m and h.
35
Let m(u) = 3*u - 35. Let n be m(15). Let k be (-3)/2*(3 - (n - 1)). What is the highest common factor of k and 3?
3
Suppose 2*i - 11 = 5*o, 0 = -2*i - 4*o + 2. Suppose 2*h - 23 = i*f, -2*f + 15 = -5*f. Calculate the greatest common divisor of h and 12.
4
Let g = 421 + -417. Let d = -3 - -3. Suppose -5*r + 0*r + 60 = d. Calculate the highest common divisor of r and g.
4
Suppose 0 = -28*t - 25*t + 53. Calculate the highest common factor of 71 and t.
1
Let b = -24 + 48. What is the highest common factor of b and 192?
24
Let w be ((-4212)/(-63))/(2/7). What is the greatest common factor of w and 18?
18
Let o(x) = 32*x - 157. Let u be o(8). What is the greatest common divisor of 198 and u?
99
Suppose -2*g + 10 + 0 = 0. Suppose g*v - 4*w - 151 = 428, v + 5*w - 110 = 0. Calculate the highest common divisor of 46 and v.
23
Let f(b) = -6*b. Let k be f(1). Let p be ((-16)/k - 0)*18. Suppose g - p = -3*g. Calculate the greatest common factor of 3 and g.
3
Let s(j) be the first derivative of 2*j**3/3 - 7*j**2 + 12*j + 12. Let k be s(12). What is the greatest common divisor of 12 and k?
12
Let t be (-17 + -1)*(-21)/6. Suppose -4*y + 80 = 4*b - 0*b, 5*b - 2*y = 107. What is the greatest common factor of t and b?
21
Let m = 122 + -90. Suppose m = -7*w + 263. Calculate the highest common factor of w and 22.
11
Let z be 5 - (9/3 + -1). Let r(q) = q**3 - 5*q**2 - 3*q - 12. Let y be r(6). What is the highest common divisor of y and z?
3
Suppose -7*h + 11*h = -8, 4*d = -h + 90. Let t be (46/1)/(5/20). Calculate the greatest common divisor of d and t.
23
Let z be ((-30)/4)/((-4)/16). What is the greatest common factor of 210 and z?
30
Let r(k) = -k**3 + 10*k - 3. Let x(y) = -y**3 - 5*y**2 - 2*y + 1. Let p be x(-4). Let i be r(p). Calculate the highest common divisor of i and 30.
30
Let n = -8 + 26. Let y = -10 - -25. Let r be y/2*18/15. Calculate the greatest common factor of r and n.
9
Let r = 9 - -8. Suppose 0 = 3*u - 2*x - 32, -5*x + 84 = 3*u + r. What is the highest common divisor of u and 70?
14
Let c = -27 + 35. Calculate the highest common factor of 128 and c.
8
Suppose -5*q - 5*p = -3540, -4*q - 32*p = -36*p - 2808. What is the highest common divisor of q and 94?
47
Let n be ((-140)/(-15))/(3/9). Calculate the greatest common divisor of n and 182.
14
Let q(l) = 2*l**2 + l - 26. Let k be q(10). Calculate the highest common factor of 23 and k.
23
Let o(w) = 3*w - 4. Let l be o(5). Suppose 3*d - 5*d - 3*z = -13, -d - 2*z + 5 = 0. Calculate the highest common divisor of l and d.
11
Let m(o) = o**3 - 8*o**2 - 5*o + 11. Let a be m(8). Let h = a - -11. Let r be (-48)/h*(5 - 2). What is the highest common factor of 8 and r?
8
Let t = 13 + -227. Let n = t + 394. What is the highest common divisor of 18 and n?
18
Let i = 6 - 2. Let v be 31/(651/42) - (-3 - 1). What is the highest common divisor of v and i?
2
Suppose -5*d - 2*g = -2712, 0 = -4*d + g - 4*g + 2164. What is the highest common factor of d and 476?
68
Let t(y) = 142*y - 1232. Let l be t(9). Calculate the greatest common divisor of l and 782.
46
Let d = -6 - -9. Suppose -d*h = 49 - 19. Let v be (-7 + -1)/(4/h). Calculate the greatest common factor of v and 40.
20
Let w(n) = 10*n**3 + n**2 - n. Suppose -2*i - 6*i = -8. Let q be w(i). What is the highest common divisor of 25 and q?
5
Let g = -358 + 373. Calculate the greatest common factor of 15 and g.
15
Suppose 5 = 5*d, -17*d = 2*j - 15*d - 2242. Calculate the greatest common divisor of 210 and j.
70
Suppose 457*k - 452*k - 260 = 0. Calculate the greatest common factor of k and 377.
13
Let x be (37 + -34)*6*(-82)/(-9). What is the greatest common divisor of 287 and x?
41
Suppose 273 = -0*l + 3*l + m, 5*l + 4*m = 455. Let t = -31 + l. Calculate the highest common factor of t and 20.
20
Let q(c) = -28*c + 2. Let o be q(-1). Suppose -10*y = -12*y + o. Calculate the highest common divisor of y and 135.
15
Let p be 2/(-10)*2*(4 - -46). Let q = 137 + p. Calculate the highest common factor of q and 78.
39
Let g be (3 + (-15)/3)/(-2). Suppose 4*v + 9 - g = -s, 3*v + 39 = 2*s. What is the highest common factor of s and 24?
12
Suppose -r + 122 = 5*q - q, 0 = -q + 2*r + 26. Let g(k) = 11*k**3 - k**2 - 4*k - 6. Let m be g(3). What is the highest common divisor of q and m?
30
Let h be 230/4*(5 + -3). Calculate the greatest common divisor of h and 161.
23
Let s(l) = -l**2 + 4*l + 25. Let a be s(5). Calculate the greatest common divisor of 20 and a.
20
Let v be 25/(-2)*-8*1. Suppose -2*d = -66 - 40. Suppose -g - d = z - 6*z, -z - g + 7 = 0. What is the highest common divisor of v and z?
10
Let d be 0 - 0 - (2 + 10). Let a = 20 + d. Let z = 49 + -29. Calculate the greatest common divisor of z and a.
4
Let z(b) = b**3 + 7*b**2 - 11*b - 20. Let d be z(-8). Suppose 40 = -d*l + 9*l. Calculate the highest common divisor of l and 1.
1
Let z be 17/(-6) + (-14)/84. Let b be (z/2)/((-6)/20). Calculate the greatest common factor of b and 65.
5
Let j = 66 - 96. Let v 